- r - 4. Let a be y(2). Suppose 0 = -7*p + 5*p - 10, -a*c + 782 = 5*p. What are the prime factors of c?
269
List the prime factors of 9715 + (-3 - (5 + 0)).
17, 571
Suppose -5*o + 1795 = -4150. List the prime factors of o.
29, 41
Let m = 11490 + -7942. List the prime factors of m.
2, 887
Suppose -2*p = -2*m - 1668, -4*m = 2*p + 1616 + 1708. Let t = -238 - m. List the prime factors of t.
2, 3, 11
Let k = 31868 + -14431. List the prime factors of k.
7, 47, 53
Let l(r) = -1. Let u(h) = 6*h - 17. Let m(b) = 2*l(b) - u(b). Let i be m(2). List the prime factors of 16448/96 + (-1)/i.
3, 19
Let s be 568/16*(1 + 25). Suppose 3*a - s - 922 = 0. What are the prime factors of a?
3, 5, 41
Let a(g) be the first derivative of 5*g**2 + 12*g - 39. Let u be a(-3). Let m = 83 + u. What are the prime factors of m?
5, 13
Suppose -3*d = 2*d - p - 2, 2*p = 2*d - 4. Suppose -8*k - 26 + 3042 = d. What are the prime factors of k?
13, 29
Let n(a) = -55*a**2 + 1. Let g be 7 + -8 + 1 + 1. Let x be n(g). List the prime factors of 1*x*16/(-12).
2, 3
Let g(u) = 726*u**3 + 4*u**2 - u - 3. Suppose 2*f + 2*r + 8 = 0, 2*r + 2 = -3*f - 5. List the prime factors of g(f).
2, 3, 11
Suppose -169*o + 176*o - 42 = 0. List the prime factors of (o/(-9))/((-2)/3540).
2, 5, 59
Let w(c) = 17*c**3 + 3*c**2 - 2*c - 34. What are the prime factors of w(7)?
2, 5, 593
Suppose -3*y + 41 = 20. Suppose 0 = 4*q - y*q + 1425. What are the prime factors of q?
5, 19
Suppose 9*w + n + 34359 = 12*w, 0 = -5*w - 4*n + 57265. What are the prime factors of w?
13, 881
Suppose -4*x = -d - 34, -18 = -4*x + 3*d + 20. List the prime factors of (217/26 - (-12)/78)*x.
2, 17
Suppose -35 = -5*t - 5*o, -2*o = -3 - 3. Suppose 10*j = 6*j + t, -2*p + 180 = 2*j. Suppose 3*g = -2*a + 20, 2*g = 5*a + 1 - p. List the prime factors of a.
2
Let m(f) = -f + 5 + 0*f - 16 - 4. Let z(t) = 2*t + 31. Let k(p) = 9*m(p) + 4*z(p). List the prime factors of k(-18).
7
What are the prime factors of 72/(-156) + 310998/26 + -9?
2, 3, 83
Let m(p) = -971*p - 1300. List the prime factors of m(-13).
13, 67
Suppose 4*y - 90 - 932 = -2*d, -2*d = 2*y - 506. Suppose -y = 18*p - 21*p. Suppose 2*m = 2*w + 5*m - 168, w = -2*m + p. What are the prime factors of w?
2, 3, 13
Suppose 6*h - 3*h = 1242. Suppose -2*b + 4*n + h = 0, -11 - 5 = -4*n. Suppose -6*s = -b - 319. List the prime factors of s.
89
Suppose 0 = 7*k - 14*k. Suppose 3*h + 3*g = 375, 3*h - 379 = -k*g - g. List the prime factors of h.
127
Suppose 6*s + 270 = 2064. Let u = -99 + s. What are the prime factors of u?
2, 5
Let z = 991 - -448. Suppose -m - 4*t = -368, 3*m - 7*m = 5*t - z. Let r = m - 248. List the prime factors of r.
2, 3
Suppose -3*v = -s - 33221, -8*v + 4*v + 5*s = -44302. What are the prime factors of v?
3, 3691
Suppose -3*o + 4*d - 7 + 1 = 0, -2*o - d = -7. Suppose -44*j + 405 = 37*j. Suppose -j*m - o*l + 800 = 0, -480 = -3*m - 0*m - 3*l. List the prime factors of m.
2, 5
Suppose 124*x - 827597 + 154153 = 0. List the prime factors of x.
5431
Suppose 3*g - 2975 - 418 = 0. Let l be (-12)/(-42) - (-4)/(-14). Suppose l = -7*j + g + 346. List the prime factors of j.
211
List the prime factors of 10 + -8 - (0 + 1 + (-2 - 8193)).
2, 3, 683
Suppose 164 = 15*t - 91. Suppose -t*h + 19*h - 962 = 0. What are the prime factors of h?
13, 37
Let i = -41115 + 117321. What are the prime factors of i?
2, 3, 13, 977
Let u = -4771 + 4771. Let x(o) = o**2 - 4*o - 8. Let y be x(6). Suppose u*q - y*q + 368 = 0. List the prime factors of q.
2, 23
Let v be (-2310)/(-20)*48/36. Suppose u + 220 = 3*z, -118 - 222 = -5*z - 5*u. Let t = v - z. What are the prime factors of t?
2, 41
Let l be (-116)/(-14) - (-4)/(-14). Suppose 4*o + 0 = l. Suppose 0 = o*k, k - 42 = -t - 0*k. List the prime factors of t.
2, 3, 7
Let y = 679 + 217. Suppose 41*u - 37*u - y = 0. Suppose 4*c - 2*w = w + 306, -u = -3*c + 5*w. List the prime factors of c.
2, 3, 13
Let h = -78 + 553. Let b = 725 - h. List the prime factors of b.
2, 5
What are the prime factors of -1*(4 - 5)*9009 + (-40)/(-5)?
71, 127
Let d(w) be the first derivative of 647*w**3/3 - 5*w**2/2 + 5*w - 123. What are the prime factors of d(1)?
647
Suppose -65 = -3*o + 52. Suppose -116 = -3*b + 154. Let l = b - o. List the prime factors of l.
3, 17
Let x(l) = 16*l**3 - 3*l**2 - 3*l - 4. Let s be x(-5). Let p be (75/(-12) - -4)/(9/s). Suppose 0 = -5*w + 11*w - p. List the prime factors of w.
2, 43
Let x(p) = p**2 - 4*p + 27. Let v be x(26). Let n = v + -283. What are the prime factors of n?
2, 79
Let k be -54*(-1 + 2)*(-4)/(-6). List the prime factors of 101*(k/(-4) - 2).
7, 101
Let s = 58252 - 40299. What are the prime factors of s?
13, 1381
Suppose 8 - 344 = -8*r. Let z(y) = -49*y + 2 + r*y + 3*y**2 - 3. What are the prime factors of z(7)?
97
Suppose -v + 26 - 2 = -4*b, -5*v + 72 = -4*b. What are the prime factors of (11 - v)*(3 - 176)?
173
Let k(a) = -2*a**2 + a**3 + 2*a - 34 - 4*a**2 - 8*a**2 - 6*a**2. Let s be k(20). List the prime factors of -3*(-138)/9 - s/6.
3, 5
Let r(k) be the second derivative of -11*k**3/2 - 9*k**2/2 + 1237*k. Suppose n - 2 = -4. What are the prime factors of r(n)?
3, 19
Let j = 1820 + 2136. List the prime factors of j.
2, 23, 43
Let u(h) = 2*h**3 - 2*h**2 + 13*h. Let y be u(6). Suppose -y = 31*i - 25*i. Let s = i - -130. What are the prime factors of s?
3, 19
Let y(v) = -v**2 - 4*v + 16. Let f be y(-5). Suppose 30 = -f*a + 8*a. List the prime factors of (-657)/6*a/15.
73
Let x be 4/(-22) + (-4633)/(-11). Let l = 31 + x. What are the prime factors of l?
2, 113
Let t = 99 + -69. Let i(f) = -2*f**2 + 58*f + 65. What are the prime factors of i(t)?
5
Let t = -9396 + 24238. List the prime factors of t.
2, 41, 181
Suppose 0 = 9*i + 6164 - 30851. Suppose i = 4*v + b, -4*v - 3*b - 1375 = -6*v. What are the prime factors of v?
2, 7
List the prime factors of -1*(15/2 + -7)*(1 - 8963).
4481
Let s(x) be the first derivative of -8*x**2 + 15. Let p be s(-1). Suppose -p*y + 10*y + 654 = 0. What are the prime factors of y?
109
Let s = 78 - 79. What are the prime factors of (657*2/(-3))/(1/s)?
2, 3, 73
Let z = -321 - -328. List the prime factors of (-6)/(12/(-406)) + z.
2, 3, 5, 7
Let c be 2/(-2 + (-206)/(-104)). Let k be (-3 + 1)*(-2058)/(-196). Let u = k - c. What are the prime factors of u?
83
Let x(m) be the first derivative of 0*m**2 + 160/3*m**3 - 2*m + 28. What are the prime factors of x(1)?
2, 79
Let b(y) = 28*y + 25. Let f(m) = 83*m + 74. Let i(z) = -17*b(z) + 6*f(z). Let a be i(13). Suppose -a - 151 = -4*r. What are the prime factors of r?
2, 3, 19
Let c = 118 + -114. Suppose -660 - 808 = -c*i. List the prime factors of i.
367
Let y be (0 - 54/15) + (-4)/10. Let d = 15 + y. Suppose 0 = 3*k - 2*i - 438, -k + d = 5*i - 118. What are the prime factors of k?
2, 3
Suppose 3*b - 6*n = -3*n + 21, 5*b = -3*n + 35. Suppose 124 = -6*k + b*k. List the prime factors of k.
2, 31
Let k = -14067 - -41515. List the prime factors of k.
2, 47, 73
List the prime factors of (-1 + 3/2)/(-14 - 1421282/(-101520)).
2, 3, 5, 47
Suppose -49 = -4*k - 5*n, -38 = -5*k + 3*n + 14. Suppose 6458 = k*a - 1550. List the prime factors of a.
2, 7, 13
Let g(a) = -504*a - 14. Let s be g(-2). Suppose s = -0*q + 14*q. What are the prime factors of q?
71
Let h be (-39)/((38/(-8) - -4)/3). Let g = h + 211. List the prime factors of g.
367
List the prime factors of 0 - (-56 - 2)*2678/52.
29, 103
Let h = 199 + -196. Suppose -h*j - 7*i = -4*i - 189, 5*j = -i + 335. What are the prime factors of j?
2, 17
Let v(k) = -k**3 + 17*k**2 - 53*k + 635. Let y be v(16). Let u(d) = -2*d + 2. Let s be u(7). Let m = y + s. What are the prime factors of m?
31
Let i be 5/(9 - 8) + -2. Suppose -m + i*b + 450 = 0, -5*m - b + 2268 = 2*b. List the prime factors of m.
3, 151
Let q be (-7)/14*8 - -98. Suppose 0 = q*d - 86*d - 10144. List the prime factors of d.
2, 317
Let t(u) = 337*u**2 - 2*u + 101. List the prime factors of t(-11).
2, 5, 409
Let s(p) = 38*p + 64. Let v be s(8). Suppose 4*q + l - v = 717, 5*l - 801 = -3*q. List the prime factors of q.
2, 17
Let d(x) = 13 - 8 - 2*x - 30*x + 5*x. Let i be d(6). List the prime factors of (i + -1)*7/(-14).
79
Suppose 2*o = 3*o - 5. Suppose 3*q + 26 = -3*l - l, o*q + 3*l + 25 = 0. What are the prime factors of q + (-2552)/(-14) + 4/(-14)?
2, 3, 5
Suppose 2*v + 21 = v